*h - 72. Let w be (99/110)/((-2)/(-20)). Give s(w).
0
Let q(k) = -87*k - 83. Suppose -16*m + 11*m + 20 = 5*y, -5*m = 2*y - 23. What is q(y)?
4
Let v(f) = -57*f + 163*f - 54*f - 6 - 9*f**2 - 53*f + 10*f**2. Calculate v(3).
0
Let a(h) = h**3 + 8*h**2 + 6*h - 7. Let r(n) = 9*n**3 - 4*n**2 - 4*n - 2. Let x be r(-2). Let t = -32 - x. Let m = 43 - t. What is a(m)?
0
Let t(k) be the third derivative of k**4/12 + 23*k**3/6 + 10*k**2 - 2*k. Let w be t(-11). Let q(d) = -29*d**2 + 1. Determine q(w).
-28
Let f(c) = -c**3 - 23*c**2 - 128*c + 8. Let i(m) = 542*m - 2178. Let g be i(4). Calculate f(g).
-12
Let u(x) = 19*x**3 + 3*x**2 + 2*x + 1. Let r = 1163 - 1164. Calculate u(r).
-17
Let c(l) = 2*l**2 - 173*l - 1308. Let f be c(-7). Let i(k) = -5*k + 6. Let o(w) = -5*w + 7. Let a(s) = -6*i(s) + 5*o(s). What is a(f)?
4
Let u(y) be the third derivative of y**6/360 - y**5/40 - y**4/8 - 76*y**3/3 - 41*y**2. Let x(k) be the first derivative of u(k). Calculate x(-4).
25
Suppose 2*k + 3*o = -8, 3*k + o + 2*o = -15. Let i = -108 + 118. Let d(b) = -3*b - 9*b + i + 10*b - 3*b - b**2. Determine d(k).
-4
Let s(z) be the first derivative of 19*z**2/2 + 127*z + 2044. Determine s(-7).
-6
Let c(d) = 5*d + 76. Let r be c(-14). Let g(v) = -v + 8. Let l(u) = 2. Let x(b) = r*l(b) - g(b). What is x(-7)?
-3
Let i(n) = n - 1. Let l(m) be the third derivative of -m**4/12 - m**3/3 - 5*m**2. Suppose 75 = -4*r + 71. Let q(a) = r*i(a) - l(a). What is q(-6)?
-3
Let y be 4/14*(7 - 0) + -2. Suppose 4*o + 4*o - 80 = y. Let b(c) = c**2 - 6*c - 3. What is b(o)?
37
Let c(n) = -11*n**2 - 16*n - 34. Let d(k) = 4*k**2 + 5*k + 12. Let i = -8 - 0. Let g(t) = i*d(t) - 3*c(t). Calculate g(-5).
-9
Suppose 0 = -4*u - 10 + 50. Let b(s) = 255 + 6381*s**2 - 8*s - s**3 - 12741*s**2 - 268 + 6371*s**2. Give b(u).
7
Let o(z) = -9*z + 1. Let q(a) = a**3 - 10*a**2 + 14*a + 24. Let x be q(8). Suppose 4*p + h = -3*h, 0 = 5*p - 3*h + x. Give o(p).
10
Let a(f) be the second derivative of -11*f**4/4 - f**3/3 + f**2 + 12*f + 4. Let s(h) = -33*h**2 - 2*h + 3. Let z(m) = 4*a(m) - 3*s(m). Calculate z(-1).
-32
Let o(u) = -3*u**2 + 5*u + 2. Let h(s) = -5*s**2 + 5*s. Let f(v) = -2*h(v) + 3*o(v). Determine f(-2).
0
Let y(b) = -b**3 - 6*b**2 - 10*b - 12. Let d = -22105 + 22099. Give y(d).
48
Let k(v) = 24*v**2 - 1 - 49*v**2 + 25*v**3 + 24*v**2 + v + 0 + 17*v**3 - 28*v**3. Let n be (-2 - 2/(-2)) + 2. Give k(n).
13
Let b = -59 - -59. Let o(g) = g**3 - 2618*g**2 + g + 6 + 2618*g**2. Give o(b).
6
Suppose 18*k - 19*k = 0. Suppose k = 3*v + 3*n + 3, -4*n - 5 = -4*v + 23. Let d(w) = w**2 + 8 + 0*w + 0*w + w**3 + v*w - 4*w. Determine d(0).
8
Let b(j) = -6*j + 2*j**3 - 2*j**2 - 3 - j**2 - j**2 - j**3. Let p = 153 + -116. Suppose 0 = p*v - 32*v - 25. Calculate b(v).
-8
Let c(d) = d**3 - 2*d**2 - d - 2. Let h be c(3). Let o(s) be the first derivative of s**2/2 - 3*s - 3341. Give o(h).
1
Let p(o) = o**3 + 10*o**2 + o - 7. Let t(w) = 3*w**3 + 31*w**2 + 3*w - 19. Let j(b) = -7*p(b) + 2*t(b). Let g = -42 + 34. Give j(g).
19
Let z(l) = -9*l - 1. Suppose -3*w + 8*w + 30 = g, 0 = 3*g - 2*w - 25. Suppose j + 8*y = 6*y - 2, g*j + 10 = 4*y. Determine z(j).
17
Let r(w) = 2*w**2 - 13*w - 5. Let s = 2561 + -2555. Determine r(s).
-11
Let m be (-45)/2*(-9 - 343/(-35)). Let r(v) = 5*v**2 + 18*v. Let z(y) = 11*y**2 + 36*y + 1. Let t(h) = -9*r(h) + 4*z(h). Give t(m).
4
Let o be (1 - -3) + -2 - -1. Let k be (-1)/2 + 23/2 - o. Let i(g) = -6*g + 6*g + 6*g - g + k. What is i(-6)?
-22
Let p(y) be the first derivative of y**4/4 - 5*y**3/3 + 3*y**2 - 6*y - 2164. Give p(4).
2
Suppose -5*i + 29 = -36. Let u(s) = -13*s + 1262*s**2 + 1 + 1300*s**2 - 2561*s**2. Calculate u(i).
1
Suppose 114 = -15*n + 21*n. Let a(r) = r**3 - 16*r**2 - 59*r + 43. Calculate a(n).
5
Suppose 7*a = 504*c - 501*c + 11, -2*a = -2*c - 2. Let n(y) = -y**2 + 3*y - 2. What is n(c)?
0
Let d(j) be the first derivative of -7*j**2 + 17*j - 508. Let b(h) be the first derivative of 5*h**2/2 - 6*h + 4. Let u(l) = 8*b(l) + 3*d(l). Give u(-6).
15
Let b(k) = 11*k**2 - 23*k - 7. Let v(m) = -14*m**2 + 24*m + 5. Let n(f) = -5*b(f) - 4*v(f). What is n(-15)?
-45
Let q(c) be the first derivative of -10 + 0*c**3 - 1/4*c**4 + 0*c**2 - 11*c. Give q(0).
-11
Let g = 76 - 51. Let n(x) = -57 + 3*x + 32 + g - 4*x. Let h(f) = -f**3 - 7*f**2 - 7*f - 6. Let v be h(-6). Calculate n(v).
0
Suppose 0 = 201*b - 870 + 1071. Let u(k) = -k**3 - 3*k**2 - k - 1. Calculate u(b).
-2
Let s(v) = -36*v**2 - 83*v - 9. Let l be s(-2). Let g(i) = -i**3 + 15*i**2 - 25*i - 15. Give g(l).
-2
Let g(s) = 19*s - 18*s - 26*s + 32*s + 13. Give g(-5).
-22
Suppose 281*q = -863 - 542. Let j(d) = -d**3 + 2*d**2 + 5*d + 1. Determine j(q).
151
Let h(b) = b**2 - b - 5. Let c be (-1)/(-6) - (1 - (-57)/18). Let k be 48/(-168) + c/(-14). Calculate h(k).
-5
Let j(v) be the third derivative of 1/60*v**5 + 1/24*v**4 - 61 - 2*v**2 - 5/3*v**3 + 0*v. What is j(0)?
-10
Let a(o) = 10*o + 1. Let s(y) = -y. Let n(u) = -a(u) - 6*s(u). Suppose -3*v - 11 = -5*g, -8 = 300*g - 302*g + 3*v. Calculate n(g).
-5
Let w be 158*(-3)/6*(-2 + 3). Let j = 84 + w. Let c(x) = x**3 + j*x + 0*x**2 + 2*x + 8 - 5*x + 7*x**2. Give c(-7).
-6
Let s(t) = t**3 - 14*t**2 + 12*t - 11. Let l(n) = -n**2 - 25*n + 72. Let o be l(-17). Suppose 45*d - o = 29*d. Calculate s(d).
-24
Let j(a) = 410 + 418 - 4*a - a**3 - 1236 + 419 + 2*a + 6*a**2. Give j(6).
-1
Let b(t) = -t**2 + 10*t - 16. Let v(n) = -3*n**2 + 48*n + 173. Let g be v(19). Determine b(g).
0
Let k(a) be the second derivative of 0 + 0*a**2 + 2/3*a**3 - 11*a. Determine k(3).
12
Suppose 4*r + 3*j = -9, -8*r + 3*r + 3*j = -9. Let o(b) = 0*b + 0*b + 11 - b**3 - 3*b. Let m be o(r). Let w(g) = g - 5. What is w(m)?
6
Let i be ((-28)/18)/((-3682)/9468). Let q(m) = -m**2 + 14*m - 41. Calculate q(i).
-1
Let l(k) = 5*k + 809*k**3 - 810*k**3 - 3*k + 3*k - 2*k**2. What is l(-3)?
-6
Suppose 0 = 3*v - 4*j - 44, -6*v + 3*v + 3*j = -42. Suppose 3*d + 6 = -y, 0*d - d = -2*y - v. Let t(x) = -5*x + 4. What is t(y)?
34
Let i(w) be the first derivative of -3*w**2/2 + 17*w - 2190. Determine i(4).
5
Let t(b) be the first derivative of -b**6/360 - b**5/10 - 5*b**4/6 + b**3 - 15*b + 106. Let f(i) be the third derivative of t(i). Calculate f(-10).
0
Let p(s) = -s**2 - 3*s + 1. Let a be p(-5). Let g(o) be the first derivative of -o**2/2 - 15*o + 4695. Give g(a).
-6
Suppose 1002 - 758 = -122*o. Let r(t) = -6*t**2 - 14*t - 18. What is r(o)?
-14
Suppose 0 = 8*j - 5*j - 192. Let x = -64 + j. Let f(a) = 26*a**2 - 6*a**2 - 1 - 2*a**3 - 15*a**2 - 2*a + x*a. Determine f(3).
-16
Let o(l) = l**2 - 2*l + 1. Let j = 211 - 163. Suppose 6*i = -6*i - j. Determine o(i).
25
Let a(h) = h**3 + 9. Suppose 27*r = 12*r + 45. Suppose 20 = r*t + 4*y, -5*t = 5*y - 37 + 12. Calculate a(t).
9
Let u(h) = -15*h**2 + 41*h + 682. Let m(l) = -11*l**2 + 54*l + 682. Let s(v) = -4*m(v) + 3*u(v). Determine s(-8).
-2
Let q(i) be the first derivative of 22*i**2 - 6*i - 21. Let g be q(2). Let o = g + -85. Let j(u) = 4*u + 3. Determine j(o).
-9
Let d = 105 + -100. Suppose 4*g = d*t, 0 = -4*g - t - 9 - 15. Let l(s) = -2*s. Determine l(g).
10
Let d(b) = b**3 + 2 + 4399141*b**2 + 9 - 4399138*b**2. Determine d(-4).
-5
Let u = 16945 - 16948. Let h(s) = s**2 + 46*s + 133. Give h(u).
4
Let k(q) = -11*q**3 - 74*q**2 + 7*q - 193. Let c(x) = 7*x**3 + 49*x**2 - 4*x + 128. Let l(r) = 8*c(r) + 5*k(r). Give l(-22).
-7
Let n be 868/(-112) - 12/(-16). Let g(t) be the second derivative of t**3/3 + 7*t**2 + 5*t. Give g(n).
0
Let t(q) = 2*q**2 + 11*q + 10. Let x(k) = 3*k**2 + 17*k + 17. Let g(w) = 7*t(w) - 5*x(w). Determine g(-7).
-8
Let v be (-35*(-20)/250)/((-1)/(-5)). Let c(j) be the second derivative of 17/2*j**2 + 0 + 1/6*j**3 + v*j. Give c(-7).
10
Let c(j) = -5*j + 1. Suppose 16*l - 138 - 102 = 0. Suppose -9*z - 48 = -l*z. Suppose 3*w - h = -w - z, 0 = -5*w - 2*h + 3. Calculate c(w).
6
Suppose 0 = -536*l + 443*l + 279. Let w(v) = -4*v**3 + 3*v**2 - 4*v - 9. Give w(l).
-102
Suppose z - 2*b - 662 = 0, -2*z + 2*b + 474 = -854. Let o = z + -345. Let m(c) = -2 + 0 + 320*c - o*c. Calculate m(-6).
4
Let c(p) = -2*p - 38. Let x be (-1)/2*(84 + -62). Give c(x).
-16
Let i(y) = 13*y + 54. Let m(f) = -319*f - 1305. Let k(g) = -145*i(g) - 6*m(g). Give k(-2).
-58
Let m = 22 + -28. Let f(k) = -2*k + 10. Let q(w) = 3*w - 11. Let